 What is the hundreds digit of s?
1
Let y(z) = -z**3 - 41*z**2 + 26*z + 176. What is the units digit of y(-42)?
8
Suppose 0 = -6*h + 24 + 144. What is the tens digit of (-21)/6*(-2848)/h?
5
Let v = -354 - -363. Suppose v*c = 3403 - 1189. What is the units digit of c?
6
Let z(g) = 702*g - 36. Let h be z(13). Suppose -6*p - h = -24*p. What is the tens digit of p?
0
Let g(p) be the third derivative of 0*p + 13*p**2 + 0 - 1/120*p**6 + 11/60*p**5 + 0*p**3 + 1/24*p**4. What is the units digit of g(11)?
1
Suppose -3*k + 0*j - 3*j + 15 = 0, -9 = -3*k - j. Suppose -k*p + 422 = -3*b + 7*b, -p - b = -208. What is the units digit of p?
5
Suppose -389*h - 30423 = -3*c - 387*h, 5*c - 50695 = 5*h. What is the hundreds digit of c?
1
Suppose -4*w + 20 = -3*j + 7*j, -5*j = 3*w - 13. Let o(l) = 179*l - 41. Let a be o(-7). What is the units digit of 2 - a/w - (-2)/(-3)?
7
Let k = 424 + -421. What is the hundreds digit of 15608/16 - k/(-6)?
9
Suppose 0 = 11*g + 31 - 108. What is the hundreds digit of (-2118)/(-7)*g/2?
0
Suppose 0 = 34*g + 10*g - 90*g + 118128. What is the tens digit of g?
6
Let g be (-2)/(-1) + 0/(-1). Suppose -g*w = 5*w - 903. Suppose 5*l = 4*v + 249, -3*v + 113 = 5*l - w. What is the tens digit of l?
4
Let o be 25 - (-10)/(-25)*-5. What is the units digit of (3 + 912)*9/o?
5
Let r(c) = 6*c + 4. Let m be r(-1). Let b be -2 - -7 - (m - 3273). Suppose -17*i + i = -b. What is the units digit of i?
5
What is the thousands digit of (-6614409)/(-299) + (-6)/(-26)?
2
Let m(c) = -1446*c**3 + 20*c**2 - 4*c. What is the hundreds digit of m(-2)?
6
Let t(a) = a**3 - 8*a**2 - 11*a - 20. Suppose 0*m - 2*m + 210 = 5*y, 3*m - 135 = -3*y. Suppose -12*q = -16*q + y. What is the tens digit of t(q)?
7
Let s(w) be the first derivative of 56*w**2 - 353*w - 199. What is the hundreds digit of s(5)?
2
Let a be (-1318 - -1)/((-24)/64*4). Suppose 3*c = 5*i - a, -c = 4*i - 5*c - 696. Let t = -8 + i. What is the hundreds digit of t?
1
Let c = -13698 - -29616. What is the thousands digit of c?
5
Let d = -113 + 117. Suppose 4*s - 741 = -3*c, d*c + 459 = 4*s + 1419. What is the tens digit of c?
4
Let c(k) = 6*k**3 - 39*k**2 + 244*k - 40. What is the thousands digit of c(17)?
2
Let d be (-4)/(-22) + 2592/264. What is the units digit of (-2)/6 + d/45*5622?
9
Let r be (-50)/(-18) + 20/90. Suppose -l + 89 = r*c, 5*c + 4 = -11. Let k = 238 - l. What is the tens digit of k?
4
Let h(m) = 166*m**3 + 2*m**2 - 5*m + 3. Let o be h(1). Let d = o - -191. What is the units digit of d?
7
Suppose y + x - 8941 = 0, -2*x - 2148 - 15750 = -2*y. What is the tens digit of y?
4
Suppose 3*g + l - 1217 = -2*g, -4*g + 962 = -5*l. Suppose -3*c + 2*c + 5*h - 119 = 0, 2*c + g = 5*h. Let m = -1 - c. What is the hundreds digit of m?
1
Let p = 35 - 32. Suppose q - 153 = p*n, 0 = 5*q - q - 4*n - 572. Let k = 256 - q. What is the units digit of k?
8
What is the units digit of 1004/24598 - 170077/(-49)?
1
Let a(d) = 2*d + 1. Let y be a(16). Let p = 132 + -12. Suppose 30*w + p = y*w. What is the tens digit of w?
4
Suppose -9*g + 47 = 2. Suppose 594 = g*s - 101. What is the tens digit of s?
3
Let g be 0 + (-92)/((-10)/5). Suppose -3*f + 5*u - 76 = 0, -4*f - 4*u = 34 + g. Let h = f - -42. What is the tens digit of h?
2
Let x(f) = f**2 - 9*f - 10. Let q be x(9). Let i be (-4 - -3)*q/(-4)*2. Let c(h) = -h**2 - 7*h - 9. What is the units digit of c(i)?
1
Let l be -1*(-2 + -4) + -1. Suppose 10 = 5*h - l. Suppose -h - 7 = -p. What is the tens digit of p?
1
Let o(x) be the third derivative of -7*x**4/8 + 5*x**3/6 - 3*x**2. What is the hundreds digit of o(-34)?
7
Suppose -3*l - 10272 = 13*l. What is the hundreds digit of (l/(-24))/(2/8)?
1
Suppose -3*o + 16*l = 19*l - 5463, 1821 = o + 2*l. What is the thousands digit of o?
1
Let t be 11416/3*(34 + -37). What is the units digit of 2/7 - t/28?
8
Let b = -335 + 334. What is the units digit of 2 + -3 + 267 + -2 + b?
3
Suppose -55*r + 51*r - 56 = 0. Let u = 18 + r. Suppose -i + 0*i - u*k + 63 = 0, k = 0. What is the tens digit of i?
6
What is the thousands digit of (12419 - -5) + 0/1 + -35 + 36?
2
Let h = 43 + -37. Let p = 172 - -24. Suppose h*b = 4*b + p. What is the units digit of b?
8
Let a(k) = k - 3. Let w(q) = 5*q**3 - 2*q**2 - 3*q + 4. Let u be w(1). Suppose g = 2*i + 13, -5*g + u*i + 19 = -4*g. What is the units digit of a(g)?
4
Let i be -135 - (0/1)/1. Let h(q) = -q**3 + 7*q**2 - 7*q + 26. Let r be h(8). Let j = r - i. What is the units digit of j?
1
What is the units digit of (36 + -36)*(-1)/(-1) - -2 - -19677?
9
Let x = -14468 + 32531. What is the hundreds digit of x?
0
Let l(b) = 51*b**2 - 805*b + 40. What is the hundreds digit of l(-9)?
4
Suppose 1 = 2*h + 1. Suppose 4*a + 2*v + 44 = 0, -3*a - v - 34 = -h*v. What is the hundreds digit of 2/a*4 - (-772)/6?
1
Let h = 56560 + -21666. What is the ten thousands digit of h?
3
Let v be (4/6 - 1)/(7/(-1302)). Let a = 376 - v. Let h = a + -160. What is the hundreds digit of h?
1
Let x be 252/9*(-2)/(-7). Suppose x*m + 4246 = -3*m. What is the units digit of m/(-1 + 3 + -1*4)?
3
Suppose -4*h = -47 - 145. Let b be 4/(-10) - (-467)/5. Let v = b - h. What is the units digit of v?
5
Let n = -1004 + 9624. What is the units digit of n?
0
Suppose -2*n = 36*n - 5*n - 350064. What is the tens digit of n?
0
Suppose -43*b = -45*b - 5*j + 15452, 0 = 5*b - 4*j - 38630. What is the units digit of b?
6
Let f(y) = 25*y**2 + 4*y + 3. Let k be f(-3). Let r(m) = -2*m**3 - 61*m**2 - 86*m + 29. Let l be r(-29). What is the units digit of k/5 + (6 + l)/(-30)?
3
Let y = 134609 - 66022. What is the ten thousands digit of y?
6
Let s(m) = -5*m - 55 - 43 + 8*m - 17*m. What is the hundreds digit of s(-22)?
2
Let u(n) = n**3 + 10*n**2 - 16*n - 58. Let p be u(-8). Let g be ((-16)/(-40))/(1/(-95)). Let a = p - g. What is the units digit of a?
6
Let x(c) be the third derivative of -11*c**4/12 - 49*c**3/6 - 4*c**2 - 10. What is the units digit of x(-4)?
9
Let i(m) = 3*m**3 - 10*m**2 + 19*m - 14. Let r be (-96)/336 - (-37)/7. What is the tens digit of i(r)?
0
Let c be (0/(-1) + (-21)/(-63))*1671. Suppose c = 5*j + i - 1646, 0 = -i + 3. What is the units digit of j?
0
Suppose 0 = -9*s + 4 + 14. Suppose s*t - 5*h = 167, -1 = 2*h + 5. Suppose 0 = -z - 4*z - w + 380, 3*w = z - t. What is the tens digit of z?
7
What is the hundreds digit of (10*-709 - -1 - 11/(-22))*-4?
3
Let w(n) = -6*n + 142. Let l be w(24). Let u(f) = -62*f**3 + 2*f**2 - f. What is the tens digit of u(l)?
0
Let s be (-6)/21 + 3/((-42)/(-1250)). Let u = 73 - s. What is the units digit of (-4)/u - 108/(-16)?
7
Suppose -4*t - 88 - 24 = 0. Let d = t - 2. What is the units digit of 228*((-32)/d + 2/(-5))?
2
Let k(p) = -p**2 - 10*p + 47. Let b be k(-17). Let y = 160 + b. What is the units digit of y?
8
Suppose 2*p + 2*z - 6234 = 29862, 14 = -2*z. What is the hundreds digit of p?
0
Suppose 2*n - 7245 = -3*h, 2*n - 72*h + 69*h = 7215. What is the units digit of n?
5
Let m be -1 + 13/1 - (-11 - -11). Let i be ((-6)/m)/(0 + 2/(-12)). Suppose -2*b = i*j + 3*b - 133, -5*j + 3*b + 165 = 0. What is the units digit of j?
6
Suppose 10*w - 53238 = -7908. What is the units digit of w?
3
Let f = -53 + 55. What is the units digit of (8/(-5))/((-4)/3140*f)?
8
Suppose 17*v - 122213 = 109990. What is the tens digit of v?
5
Let j(r) = 4*r**2 + 96*r + 96. What is the units digit of j(-31)?
4
Suppose -1105 = -5*i - 0*v - 5*v, -v - 1117 = -5*i. Suppose -148 - 714 = -2*r. Suppose r = 6*k - i. What is the hundreds digit of k?
1
Suppose 0 = -3*y - 3*d + 19716, 3938 = 2*y + 3*d - 9206. What is the hundreds digit of y?
5
Suppose 147*q - 1086744 - 403758 = -47*q. What is the hundreds digit of q?
6
Suppose -2*m - 2*w + 1346 = -0*w, 4*m = -w + 2692. Suppose 0 = 2*t - 3*d - m, 0*t + 655 = 2*t + 3*d. What is the hundreds digit of t?
3
Suppose -l = 4*c + 4*l - 65, -3*l = 9. Suppose -7605 = -c*w + 5*w. What is the tens digit of w?
0
Let o be (1/(-4))/1 - 273955/(-220). Let j = o - 306. What is the hundreds digit of j?
9
Let a = -19 + 36. Suppose -5*s + a = -t, 3*t + 2 - 11 = 0. Suppose 412 = 6*q - s*q. What is the units digit of q?
6
Let v = 2855 - 1272. What is the hundreds digit of v?
5
Let u(r) = 3*r**2 + 2*r. Let m be u(-1). Suppose 1557 = 5*o - h, 2*h + m = -3. What is the hundreds digit of o?
3
Let h = 156 + -75. Let m